hat is the highest common factor of 142 and 22010?
142
What is the highest common factor of 260 and 23140?
260
Calculate the highest common divisor of 986 and 170.
34
What is the highest common factor of 5792 and 32?
32
Calculate the greatest common factor of 29 and 3683.
29
What is the highest common divisor of 6 and 3?
3
What is the highest common divisor of 72 and 19512?
72
Calculate the highest common factor of 95 and 25.
5
What is the greatest common factor of 120 and 4020?
60
What is the highest common factor of 150 and 120?
30
Calculate the highest common factor of 152 and 88.
8
What is the highest common divisor of 38628 and 58?
58
Calculate the highest common divisor of 197 and 19.
1
Calculate the highest common divisor of 104 and 376.
8
What is the greatest common divisor of 88 and 1?
1
What is the highest common divisor of 8 and 620?
4
What is the greatest common factor of 49 and 133?
7
What is the greatest common factor of 576 and 128?
64
What is the highest common divisor of 34 and 1173?
17
Calculate the greatest common factor of 684 and 6.
6
Calculate the greatest common divisor of 270 and 216.
54
Calculate the highest common factor of 846 and 18.
18
Calculate the highest common factor of 217 and 1.
1
What is the highest common divisor of 89 and 267?
89
What is the highest common factor of 518 and 1184?
74
What is the greatest common divisor of 30890 and 10?
10
What is the highest common divisor of 81 and 711?
9
Calculate the greatest common divisor of 22 and 198.
22
What is the greatest common factor of 160 and 100?
20
Calculate the greatest common divisor of 56 and 252.
28
What is the greatest common factor of 9408 and 42?
42
What is the greatest common divisor of 448 and 7?
7
What is the highest common factor of 28399 and 7?
7
What is the greatest common divisor of 120 and 2580?
60
Calculate the greatest common factor of 1100 and 3564.
44
Calculate the greatest common divisor of 189 and 1593.
27
What is the highest common factor of 1330 and 63?
7
What is the highest common factor of 33 and 55?
11
What is the greatest common divisor of 9386 and 1805?
361
What is the greatest common divisor of 1581 and 153?
51
What is the highest common factor of 2198 and 14?
14
Calculate the greatest common divisor of 290 and 464.
58
What is the highest common divisor of 4250 and 102?
34
Calculate the highest common divisor of 18 and 2718.
18
What is the greatest common divisor of 26 and 1066?
26
Calculate the greatest common factor of 5454 and 1616.
202
What is the highest common divisor of 62 and 2201?
31
Calculate the greatest common factor of 124 and 217.
31
Calculate the highest common divisor of 2548 and 52.
52
What is the greatest common divisor of 30 and 100?
10
What is the highest common divisor of 1679 and 73?
73
Calculate the highest common factor of 266 and 931.
133
Calculate the highest common divisor of 3649 and 82.
41
What is the greatest common divisor of 1295 and 4625?
185
Calculate the greatest common divisor of 13 and 103.
1
Calculate the greatest common factor of 8 and 22328.
8
Calculate the highest common divisor of 68 and 364.
4
Calculate the highest common divisor of 1001 and 546.
91
What is the highest common factor of 220 and 88?
44
What is the greatest common factor of 153 and 34?
17
What is the highest common factor of 89 and 2?
1
Calculate the highest common factor of 45 and 4905.
45
Calculate the highest common factor of 44 and 24.
4
What is the greatest common factor of 39 and 429?
39
Calculate the highest common factor of 1035 and 180.
45
Calculate the greatest common divisor of 2106 and 78.
78
Calculate the greatest common divisor of 323 and 19.
19
Calculate the greatest common divisor of 2300 and 100.
100
Calculate the highest common divisor of 384 and 48.
48
Calculate the greatest common factor of 17 and 527.
17
Calculate the greatest common divisor of 270 and 7965.
135
Calculate the highest common factor of 21 and 1687.
7
What is the highest common divisor of 7500 and 12?
12
Calculate the greatest common factor of 34914 and 198.
66
Calculate the highest common divisor of 402 and 12.
6
Calculate the highest common divisor of 1496 and 1309.
187
Calculate the highest common factor of 420 and 60.
60
Calculate the highest common factor of 4102 and 56.
14
Calculate the highest common factor of 35 and 270.
5
What is the highest common divisor of 736 and 1380?
92
What is the highest common divisor of 11 and 13277?
11
What is the highest common divisor of 51 and 459?
51
Calculate the highest common factor of 420 and 150.
30
Calculate the greatest common factor of 3 and 8055.
3
What is the greatest common factor of 99 and 121?
11
What is the greatest common factor of 702 and 78?
78
Calculate the highest common divisor of 602 and 430.
86
Calculate the highest common factor of 28 and 49.
7
What is the greatest common divisor of 598 and 46?
46
What is the highest common divisor of 5125 and 5?
5
What is the greatest common divisor of 20 and 128?
4
Calculate the highest common divisor of 435 and 1595.
145
Calculate the highest common divisor of 20 and 365.
5
Calculate the highest common factor of 5 and 5.
5
Calculate the greatest common divisor of 114663 and 111.
111
Calculate the greatest common divisor of 6 and 102.
6
Calculate the greatest common factor of 21 and 1281.
21
Calculate the greatest common divisor of 40 and 3560.
40
What is the greatest common divisor of 50 and 20?
10
Calculate the greatest common factor of 288 and 162.
18
Calculate the greatest common factor of 81 and 306.
9
What is the greatest common divisor of 1310 and 131?
131
What is the greatest common factor of 228 and 646?
38
What is the highest common factor of 184 and 46?
46
What is the greatest common divisor of 1854 and 126?
18
What is the highest common divisor of 999 and 592?
37
What is the highest common divisor of 3 and 201?
3
What is the highest common divisor of 64 and 192?
64
Calculate the highest common divisor of 11 and 4653.
11
What is the greatest common divisor of 7183 and 22?
11
Calculate the greatest common factor of 8 and 584.
8
What is the greatest common divisor of 112 and 392?
56
What is the greatest common divisor of 87 and 2059?
29
Calculate the highest common factor of 27228 and 12.
12
Calculate the highest common divisor of 12 and 102.
6
What is the greatest common factor of 16 and 16?
16
What is the greatest common factor of 603 and 18?
9
What is the greatest common divisor of 306 and 18?
18
Calculate the highest common factor of 7625 and 125.
125
What is the highest common divisor of 136 and 56?
8
What is the highest common divisor of 124 and 1953?
31
What is the greatest common factor of 133 and 1862?
133
Calculate the highest common factor of 6 and 4722.
6
What is the greatest common divisor of 426 and 11289?
213
What is the greatest common factor of 15 and 5145?
15
Calculate the highest common divisor of 204 and 9316.
68
What is the highest common factor of 154 and 132?
22
What is the highest common factor of 918 and 986?
34
Calculate the highest common factor of 37 and 4625.
37
Calculate the highest common factor of 15273 and 9.
9
Calculate the highest common divisor of 188 and 329.
47
What is the highest common factor of 88 and 2728?
88
What is the greatest common factor of 90 and 108?
18
What is the highest common divisor of 789 and 6?
3
What is the highest common factor of 759 and 1449?
69
What is the greatest common divisor of 54 and 8235?
27
What is the highest common divisor of 2583 and 63?
63
Calculate the highest common divisor of 140 and 140.
140
Calculate the highest common divisor of 39 and 3.
3
Calculate the highest common divisor of 27 and 3942.
27
Calculate the greatest common factor of 14 and 847.
7
What is the highest common factor of 235 and 40?
5
What is the highest common divisor of 295 and 15?
5
What is the highest common factor of 5 and 245?
5
Calculate the greatest common divisor of 15369 and 282.
141
Calculate the highest common divisor of 60356 and 316.
316
What is the highest common divisor of 192 and 8256?
192
What is the greatest common divisor of 6 and 27?
3
What is the highest common divisor of 954 and 156?
6
Calculate the greatest common factor of 71 and 1207.
71
Calculate the greatest